 and 1000.
40
What is the greatest common divisor of 2900 and 100?
100
Calculate the highest common factor of 1944 and 24.
24
What is the highest common divisor of 465 and 195?
15
What is the highest common divisor of 12 and 7444?
4
What is the highest common factor of 140 and 20?
20
What is the greatest common factor of 210 and 1428?
42
Calculate the greatest common factor of 806 and 775.
31
Calculate the highest common divisor of 44 and 308.
44
What is the greatest common divisor of 250 and 675?
25
What is the highest common factor of 78 and 390?
78
What is the greatest common divisor of 3422 and 1062?
118
Calculate the greatest common divisor of 10560 and 462.
66
What is the greatest common factor of 3406 and 26?
26
Calculate the greatest common divisor of 156 and 36.
12
What is the greatest common factor of 825 and 1875?
75
Calculate the greatest common factor of 345 and 138.
69
Calculate the highest common factor of 6320 and 200.
40
What is the greatest common divisor of 625 and 75?
25
Calculate the greatest common factor of 32805 and 45.
45
Calculate the greatest common divisor of 661 and 2.
1
What is the greatest common factor of 78 and 582?
6
What is the greatest common divisor of 160 and 760?
40
Calculate the greatest common factor of 199 and 24079.
199
What is the greatest common divisor of 3285 and 54?
9
Calculate the greatest common factor of 185 and 592.
37
Calculate the highest common factor of 77 and 946.
11
What is the greatest common factor of 646 and 34?
34
Calculate the greatest common divisor of 188 and 423.
47
What is the greatest common factor of 2623 and 172?
43
Calculate the highest common divisor of 1 and 1911.
1
Calculate the greatest common divisor of 72 and 78.
6
What is the highest common factor of 119 and 85?
17
Calculate the greatest common factor of 61 and 61.
61
What is the highest common divisor of 3008 and 192?
64
What is the highest common factor of 128 and 248?
8
What is the highest common divisor of 238 and 4?
2
What is the highest common divisor of 21 and 9?
3
What is the highest common factor of 26 and 39?
13
What is the highest common divisor of 9638 and 122?
122
What is the greatest common factor of 171 and 114?
57
Calculate the highest common factor of 112 and 28.
28
Calculate the highest common divisor of 2 and 83.
1
Calculate the greatest common factor of 1696 and 64.
32
Calculate the highest common factor of 315 and 495.
45
What is the greatest common divisor of 330 and 120?
30
Calculate the highest common factor of 2055 and 795.
15
Calculate the greatest common factor of 35 and 665.
35
What is the highest common divisor of 34 and 14?
2
Calculate the greatest common factor of 500 and 25.
25
What is the greatest common factor of 16384 and 16?
16
Calculate the greatest common factor of 172 and 1376.
172
Calculate the highest common factor of 66 and 1947.
33
Calculate the highest common divisor of 60 and 12570.
30
Calculate the greatest common divisor of 1 and 30.
1
What is the greatest common factor of 32 and 2336?
32
What is the greatest common divisor of 429 and 117?
39
Calculate the highest common divisor of 2792 and 8.
8
What is the greatest common factor of 1166 and 176?
22
Calculate the highest common divisor of 64 and 40.
8
What is the highest common factor of 14 and 497?
7
What is the greatest common divisor of 18 and 444?
6
What is the greatest common factor of 528 and 3498?
66
Calculate the greatest common divisor of 276 and 759.
69
What is the greatest common divisor of 986 and 34?
34
Calculate the greatest common divisor of 1476 and 252.
36
What is the highest common divisor of 183 and 6?
3
Calculate the highest common factor of 40 and 12.
4
Calculate the highest common factor of 495 and 825.
165
Calculate the highest common factor of 81 and 3.
3
What is the highest common factor of 14 and 1694?
14
Calculate the highest common factor of 36 and 999.
9
Calculate the highest common divisor of 295 and 649.
59
Calculate the greatest common factor of 20 and 610.
10
Calculate the greatest common factor of 980 and 20.
20
Calculate the greatest common factor of 72 and 45.
9
Calculate the greatest common factor of 760 and 5890.
190
What is the highest common factor of 42 and 24?
6
What is the greatest common divisor of 1106 and 14?
14
What is the greatest common factor of 2336 and 24?
8
Calculate the greatest common factor of 25 and 105.
5
What is the highest common factor of 8 and 16?
8
Calculate the greatest common divisor of 14 and 4.
2
Calculate the highest common divisor of 973 and 14.
7
Calculate the greatest common divisor of 11194 and 174.
58
Calculate the highest common factor of 206 and 8240.
206
Calculate the highest common factor of 234 and 72.
18
Calculate the highest common divisor of 17 and 1343.
17
What is the highest common divisor of 2465 and 203?
29
What is the highest common factor of 711 and 395?
79
What is the greatest common factor of 5835 and 15?
15
What is the greatest common factor of 15553 and 206?
103
What is the greatest common factor of 1860 and 180?
60
What is the highest common divisor of 825 and 231?
33
Calculate the greatest common factor of 712 and 8.
8
Calculate the highest common divisor of 936 and 4.
4
What is the greatest common divisor of 130 and 40?
10
What is the greatest common divisor of 1936 and 16?
16
Calculate the highest common divisor of 1024 and 192.
64
What is the greatest common divisor of 78 and 832?
26
What is the greatest common factor of 36 and 4?
4
What is the greatest common factor of 142 and 639?
71
Calculate the highest common divisor of 61 and 671.
61
Calculate the greatest common factor of 24 and 636.
12
Calculate the greatest common divisor of 468 and 130.
26
Calculate the greatest common divisor of 45 and 405.
45
Calculate the greatest common factor of 27 and 10467.
9
What is the highest common factor of 2263 and 279?
31
Calculate the greatest common divisor of 52 and 8.
4
Calculate the greatest common divisor of 15633 and 81.
81
What is the highest common factor of 436 and 4?
4
What is the greatest common divisor of 4 and 3936?
4
Calculate the highest common factor of 186 and 264.
6
Calculate the highest common factor of 105 and 300.
15
Calculate the highest common divisor of 14 and 4.
2
Calculate the highest common divisor of 473 and 11.
11
Calculate the highest common divisor of 2440 and 40.
40
Calculate the highest common factor of 18101 and 23.
23
Calculate the highest common divisor of 828 and 48.
12
What is the greatest common factor of 366 and 12?
6
Calculate the highest common factor of 943 and 92.
23
Calculate the highest common factor of 162 and 72.
18
Calculate the highest common divisor of 3875 and 155.
155
Calculate the greatest common divisor of 3 and 4578.
3
What is the highest common divisor of 1 and 7654?
1
What is the highest common factor of 368 and 1150?
46
What is the highest common factor of 24 and 2904?
24
What is the greatest common divisor of 55 and 154?
11
Calculate the highest common factor of 77 and 473.
11
What is the highest common divisor of 962 and 234?
26
What is the highest common factor of 120 and 3912?
24
Calculate the highest common divisor of 533 and 143.
13
Calculate the highest common factor of 82 and 3034.
82
What is the greatest common factor of 144 and 9?
9
Calculate the greatest common divisor of 260 and 832.
52
Calculate the highest common factor of 88 and 28.
4
What is the greatest common factor of 30 and 915?
15
Calculate the highest common divisor of 11 and 451.
11
What is the highest common factor of 9 and 5787?
9
What is the highest common factor of 30 and 45?
15
What is the greatest common factor of 54 and 297?
27
What is the greatest common divisor of 1 and 199?
1
Calculate the highest common factor of 30 and 195.
15
What is the greatest common divisor of 190 and 5?
5
Calculate the highest common divisor of 2773 and 236.
59
Calculate the highest common divisor of 184 and 437.
23
What is the greatest common divisor of 62 and 18166?
62
What is the greatest common divisor of 276 and 24?
12
Calculate the greatest common divisor of 9100 and 126.
14
What is the greatest common divisor of 315 and 4620?
105
What is the greatest common divisor of 4662 and 1260?
126
What is the greatest c